{"id":1039,"date":"2020-01-26T15:20:00","date_gmt":"2020-01-26T14:20:00","guid":{"rendered":"https:\/\/www.chor.pw.edu.pl\/?page_id=1039"},"modified":"2022-12-15T10:10:25","modified_gmt":"2022-12-15T09:10:25","slug":"nasze-cv","status":"publish","type":"page","link":"https:\/\/www.chor.pw.edu.pl\/index.php\/pl\/nasze-cv\/","title":{"rendered":"Nasze CV"},"content":{"rendered":"<p><a href=\"http:\/\/www.chor.pw.edu.pl\/wp-content\/uploads\/2020\/01\/CHAPW.jpg\"><img loading=\"lazy\" decoding=\"async\" class=\"alignnone size-full wp-image-1040\" src=\"http:\/\/www.chor.pw.edu.pl\/wp-content\/uploads\/2020\/01\/CHAPW.jpg\" alt=\"\" width=\"6434\" height=\"4294\" srcset=\"https:\/\/www.chor.pw.edu.pl\/wp-content\/uploads\/2020\/01\/CHAPW.jpg 6434w, https:\/\/www.chor.pw.edu.pl\/wp-content\/uploads\/2020\/01\/CHAPW-300x200.jpg 300w, https:\/\/www.chor.pw.edu.pl\/wp-content\/uploads\/2020\/01\/CHAPW-768x513.jpg 768w, https:\/\/www.chor.pw.edu.pl\/wp-content\/uploads\/2020\/01\/CHAPW-1024x683.jpg 1024w, https:\/\/www.chor.pw.edu.pl\/wp-content\/uploads\/2020\/01\/CHAPW-750x500.jpg 750w, https:\/\/www.chor.pw.edu.pl\/wp-content\/uploads\/2020\/01\/CHAPW-272x182.jpg 272w\" sizes=\"(max-width: 6434px) 100vw, 6434px\" \/><\/a><\/p>\n<p><strong>Ch\u00f3r Akademicki Politechniki Warszawskiej<\/strong><\/p>\n<p>Powsta\u0142 w 2000 roku. Tworz\u0105 go w wi\u0119kszo\u015bci <strong>studenci i absolwenci<\/strong> Politechniki Warszawskiej\u00a0\u2013 m\u0142odzi i ambitni \u015bpiewacy, z oddaniem realizuj\u0105cy <strong>pasj\u0119 muzykowania zespo\u0142owego<\/strong>.<\/p>\n<p>W bogatym repertuarze ch\u00f3ru znajduje si\u0119 przede wszystkim <strong>najnowsza muzyka ch\u00f3ralna a cappella<\/strong>, w tym utwory rzadko wykonywane w Polsce. ChAPW ma w\u00a0swoim dorobku dzie\u0142a uznanych mistrz\u00f3w epok renesansu i romantyzmu oraz <strong>wielkie formy wokalno-instrumentalne<\/strong> (w\u015br\u00f3d nich: K. Penderecki &#8211;\u00a0<i>Siedem bram Jerozolimy<\/i>, G. Mahler\u00a0<i>Symfonie II i VIII<\/i>, a tak\u017ce inne dzie\u0142a J. Brahmsa, J.\u00a0Haydna, W.\u00a0A. Mozarta, L. van Beethovena).<\/p>\n<p>Ch\u00f3r jest zwyci\u0119zc\u0105 kilkunastu krajowych i zagranicznych presti\u017cowych konkurs\u00f3w ch\u00f3ralnych, w tym <strong>trzykrotnym zdobywc\u0105\u00a0<\/strong><i><strong>Rubinowej Lutni<\/strong> &#8211;\u00a0<\/i>trofeum Og\u00f3lnopolskiego Turnieju Ch\u00f3r\u00f3w\u00a0<i>Legnica Cantat<\/i>.\u00a0W 2018 roku zosta\u0142 zwyci\u0119zc\u0105\u00a0<i>Grand Prix Polskiej Ch\u00f3ralistyki im. Stefana Stuligrosza.<\/i><i><\/i><\/p>\n<p>ChAPW przygotowuje oko\u0142o <strong>10 program\u00f3w koncertowych w sezonie artystycznym<\/strong>. Warto tu wspomnie\u0107 o regularnym udziale zespo\u0142u w presti\u017cowym cyklu Wielka Muzyka w Ma\u0142ej Auli organizowanym pod auspicjami macierzystej uczelni, jak r\u00f3wnie\u017c koncertach na zaproszenie krajowych filharmonii i renomowanych festiwali oraz przedsi\u0119wzi\u0119ciach z muzyk\u0105 filmow\u0105. Ma na swoim koncie <strong>ponad 30 prawykona\u0144 muzyki polskiej i zagranicznej<\/strong> oraz nagrane 3 albumy p\u0142ytowe. Wsp\u00f3\u0142pracowa\u0142 z wieloma osobisto\u015bciami ze \u015bwiata muzycznego, do kt\u00f3rych nale\u017c\u0105 m.in.: Krzysztof Penderecki, Marcin Na\u0142\u0119cz-Niesio\u0142owski, Vytautas Mi\u0161kinis, Brady Allred, Ko Matsushita, Vaclovas Augustinas, Paul Mealor, Ai-Hooi.<\/p>\n<p>Kierownikiem zespo\u0142u i dyrygentem jest Dariusz\u00a0<span class=\"il\">Zimnicki<\/span>.<\/p>\n<p><a href=\"http:\/\/www.chor.pw.edu.pl\/wp-content\/uploads\/2020\/01\/CV_ChAPW_2022.pdf\">Pobierz\u00a0pdf<\/a><\/p>\n","protected":false},"excerpt":{"rendered":"<p>Ch\u00f3r Akademicki Politechniki Warszawskiej Powsta\u0142 w 2000 roku. Tworz\u0105 go w wi\u0119kszo\u015bci studenci i absolwenci Politechniki Warszawskiej\u00a0\u2013 m\u0142odzi i ambitni \u015bpiewacy, z oddaniem realizuj\u0105cy pasj\u0119 muzykowania zespo\u0142owego. W bogatym repertuarze ch\u00f3ru znajduje si\u0119 przede wszystkim najnowsza muzyka ch\u00f3ralna a cappella, w tym utwory rzadko wykonywane w Polsce. ChAPW ma w\u00a0swoim dorobku dzie\u0142a uznanych mistrz\u00f3w epok <a href=\"https:\/\/www.chor.pw.edu.pl\/index.php\/pl\/nasze-cv\/\" rel=\"nofollow\"><span class=\"sr-only\">Read more about Nasze CV<\/span>[&#8230;]<\/a><\/p>\n","protected":false},"author":1,"featured_media":0,"parent":0,"menu_order":0,"comment_status":"closed","ping_status":"closed","template":"","meta":{"footnotes":""},"_links":{"self":[{"href":"https:\/\/www.chor.pw.edu.pl\/index.php\/wp-json\/wp\/v2\/pages\/1039"}],"collection":[{"href":"https:\/\/www.chor.pw.edu.pl\/index.php\/wp-json\/wp\/v2\/pages"}],"about":[{"href":"https:\/\/www.chor.pw.edu.pl\/index.php\/wp-json\/wp\/v2\/types\/page"}],"author":[{"embeddable":true,"href":"https:\/\/www.chor.pw.edu.pl\/index.php\/wp-json\/wp\/v2\/users\/1"}],"replies":[{"embeddable":true,"href":"https:\/\/www.chor.pw.edu.pl\/index.php\/wp-json\/wp\/v2\/comments?post=1039"}],"version-history":[{"count":11,"href":"https:\/\/www.chor.pw.edu.pl\/index.php\/wp-json\/wp\/v2\/pages\/1039\/revisions"}],"predecessor-version":[{"id":1230,"href":"https:\/\/www.chor.pw.edu.pl\/index.php\/wp-json\/wp\/v2\/pages\/1039\/revisions\/1230"}],"wp:attachment":[{"href":"https:\/\/www.chor.pw.edu.pl\/index.php\/wp-json\/wp\/v2\/media?parent=1039"}],"curies":[{"name":"wp","href":"https:\/\/api.w.org\/{rel}","templated":true}]}}