{"id":113,"date":"2016-12-12T23:50:30","date_gmt":"2016-12-12T22:50:30","guid":{"rendered":"http:\/\/www.chor.pw.edu.pl\/?page_id=113"},"modified":"2024-11-12T17:33:55","modified_gmt":"2024-11-12T16:33:55","slug":"achievements","status":"publish","type":"page","link":"https:\/\/www.chor.pw.edu.pl\/index.php\/en\/achievements\/","title":{"rendered":"Achievements"},"content":{"rendered":"<h2><span style=\"color: #993300; font-size: 1.0em;\">2021<\/span><\/h2>\n<p>International Festival of Orthodox Church Music &#8222;Hajn\u00f3wka&#8221; &#8211; <strong>I place<\/strong>, in cathegory Ch\u00f3ry Amatorskie \u015awieckie<\/p>\n<h2><span style=\"color: #993300; font-size: 1.0em;\">2019<\/span><\/h2>\n<p>IV Mi\u0119dzynarodowy Konkurs Muzyki Ch\u00f3ralnej &#8222;Cantu Gaudeamus&#8221; w Bia\u0142ymstoku &#8211; <strong>Grand Prix<\/strong>, najwy\u017csza punktacja w kategoriach Muzyka Sakralna oraz Muzyka Wsp\u00f3\u0142czesna<\/p>\n<h2><span style=\"color: #993300; font-size: 1.0em;\">2018<\/span><\/h2>\n<p>XVII Mi\u0119dzynarodowy Festiwal Muzyki Ch\u00f3ralnej im. Feliksa Nowowiejskiego w Barczewie &#8211; <strong>Grand Prix<\/strong>, nagroda specjalna &#8222;Za najlepsze wykonanie kompozycji wsp\u00f3\u0142czesnej&#8221; (Krzysztof Penderecki, &#8222;Cheruwimskaja&#8221;), nagroda specjalna &#8222;Za najlepsz\u0105 technik\u0119 wokaln\u0105&#8221;<\/p>\n<p>International Choir Competition Grand Prix Thailand 2018 &#8211; <strong>Z\u0142oty medal<\/strong> w kategorii Muzyka sakralna, <strong>Z\u0142oty medal<\/strong> w kategorii Muzyka wsp\u00f3\u0142czesna<\/p>\n<p>Grand Prix Polskiej Ch\u00f3ralistyki im. Stefana Stuligrosza w Poznaniu &#8211; <strong>Grand Prix<\/strong>, nagroda specjalna dla <strong>najlepszego dyrygenta<\/strong><\/p>\n<h2><span style=\"color: #993300; font-size: 1.0em;\">2016<\/span><\/h2>\n<p>VII Og\u00f3lnopolski Konkurs &#8222;Ars Liturgica&#8221; w Gnie\u017anie &#8211; <strong>Grand Prix<\/strong><\/p>\n<p>47. Og\u00f3lnopolski Turniej Ch\u00f3r\u00f3w &#8222;Legnica Cantat&#8221; &#8211; <strong>Grand Prix, Rubinowa Lutnia<\/strong> &#8211; nagroda przechodzi na w\u0142asno\u015b\u0107 zespo\u0142u<\/p>\n<h2><span style=\"color: #993300; font-size: 1.0em;\">2015<\/span><\/h2>\n<p>II Mi\u0119dzynarodowy Festiwal Muzyki Pasyjnej w Szczecinie &#8211; <strong>Grand Prix<\/strong> oraz nagroda za najlepsze wykonanie utworu pasyjnego (Vytautas Barkauskas &#8222;Stabat Mater&#8221;)<\/p>\n<h2><span style=\"color: #993300; font-size: 1.0em;\">2014<\/span><\/h2>\n<p>45. Og\u00f3lnopolski Turniej Ch\u00f3r\u00f3w &#8222;Legnica Cantat&#8221; &#8211;<strong> Grand Prix, Rubinowa Lutnia<\/strong><\/p>\n<h2><span style=\"color: #993300; font-size: 1.0em;\">2013<\/span><\/h2>\n<p>III Mi\u0119dzynarodowy Festiwal i Konkurs Ch\u00f3ralny &#8222;Can\u00e7\u00f3 Mediterr\u00e0nia&#8221; w Hiszpanii &#8211;<strong> Z\u0142ote dyplomy<\/strong> w kategoriach muzyka sakralna (I miejsce), muzyka katalo\u0144ska (I miejsce), muzyka inspirowana folklorem (II miejsce)<\/p>\n<h2><span style=\"color: #993300; font-size: 1.0em;\">2012<\/span><\/h2>\n<p>VIII Mi\u0119dzynarodowy Festiwal Rybnicka Jesie\u0144 Ch\u00f3ralna &#8211; <strong>Z\u0142oty dyplom<\/strong> oraz nagroda za najlepsze wykonanie utworu muzyki wsp\u00f3\u0142czesnej<\/p>\n<p>Mi\u0119dzynarodowy Festiwal Muzyki Cerkiewnej &#8222;Hajn\u00f3wka&#8221; &#8211; <strong>I miejsce<\/strong> w kategorii ch\u00f3r\u00f3w amatorskich \u015bwieckich<\/p>\n<p>43. Og\u00f3lnopolski Turniej Ch\u00f3r\u00f3w &#8222;Legnica Cantat&#8221; &#8211; <strong>Grand Prix, Rubinowa Lutnia<\/strong><\/p>\n<h2><span style=\"color: #993300; font-size: 1.0em;\">2011<\/span><\/h2>\n<p>XIV \u0141\u00f3dzki Festiwal Ch\u00f3ralny &#8222;Cantio Lodziensis&#8221; &#8211; <strong>I miejsce<\/strong> w kategorii ch\u00f3r\u00f3w akademickich<\/p>\n<p>Warszawski Mi\u0119dzynarodowy Festiwal Ch\u00f3ralny &#8222;Varsovia Cantat&#8221; &#8211; <strong>I miejsce<\/strong> w kategorii ch\u00f3r\u00f3w m\u0142odzie\u017cowych<\/p>\n<p>Mi\u0119dzynarodowy Festiwal &#8222;Hajnowskie Dni Muzyki Cerkiewnej&#8221; w Hajn\u00f3wce &#8211;<strong> II miejsce<\/strong> w kategorii ch\u00f3r\u00f3w akademickich<\/p>\n<p>Og\u00f3lnopolski Festiwal Kol\u0119d i Pastora\u0142ek w B\u0119dzinie &#8211; <strong>I miejsce<\/strong> w kategorii ch\u00f3r\u00f3w akademickich<\/p>\n<h2><span style=\"color: #993300; font-size: 1.0em;\">2009<\/span><\/h2>\n<p>Festiwal Ch\u00f3ralny w Ochrydzie w Macedonii &#8211; <strong>I nagroda<\/strong><\/p>\n<h2><span style=\"color: #993300; font-size: 1.0em;\">2008<\/span><\/h2>\n<p>21. Mi\u0119dzynarodowy Festiwal Ch\u00f3ralny w Silgo w Irlandii &#8211; <strong>w\u015br\u00f3d finalist\u00f3w<\/strong><\/p>\n<h2><span style=\"color: #993300; font-size: 1.0em;\">2007<\/span><\/h2>\n<p>Mi\u0119dzynarodowy Festiwal &#8222;Hajnowskie Dni Muzyki Cerkiewnej&#8221; w Hajn\u00f3wce &#8211;<strong> I miejsce<\/strong> w kategorii ch\u00f3r\u00f3w akademickich<\/p>\n<p>III Mi\u0119dzynarodowy Festiwal &#8222;Rybnicka Jesie\u0144 Ch\u00f3ralna&#8221; &#8211; <strong>wyr\u00f3\u017cnienie<\/strong><\/p>\n<h2><span style=\"color: #993300; font-size: 1.0em;\">2006<\/span><\/h2>\n<p>Og\u00f3lnopolski Festiwal Kol\u0119d i Pastora\u0142ek w B\u0119dzinie &#8211; <strong>I miejsce<\/strong> w kategorii ch\u00f3r\u00f3w akademickich<\/p>\n<p>XIX Og\u00f3lnopolski Festiwal Pie\u015bni o Morzu w Wejherowie &#8211; <strong>II place<\/strong><\/p>\n<p>Mi\u0119dzynarodowy Konkurs Ch\u00f3r\u00f3w Kameralnych Tonen2000 w Holandii &#8211; <strong>Silver and Golden Diplomas<\/strong><\/p>\n<h2><span style=\"color: #993300; font-size: 1.0em;\">2005<\/span><\/h2>\n<p>Mi\u0119dzynarodowy Festiwal Ch\u00f3ralny &#8222;Mundus Cantat Sopot&#8221; 2005 &#8211; <strong>two Bronze Diplomas<\/strong><\/p>\n<p>VIII \u0141\u00f3dzki Festiwal Ch\u00f3ralny &#8222;Cantio Lodziensis&#8221; &#8211; <strong>III place<\/strong><\/p>\n<p>Warszawski Mi\u0119dzynarodowy Festiwal Ch\u00f3ralny &#8222;Varsovia Cantat&#8221; &#8211;<strong> I place<\/strong><\/p>\n<h2><span style=\"color: #993300; font-size: 1.0em;\">2002<\/span><\/h2>\n<p>X Mi\u0119dzynarodowy Festiwal Muzyki Sakralnej w Mohylewie na Bia\u0142orusi &#8211; <strong>among laureates<\/strong><\/p>\n<h2><span style=\"color: #993300; font-size: 1.0em;\">2001<\/span><\/h2>\n<p>I Mazowiecki Festiwal Ch\u00f3r\u00f3w Akademickich &#8222;Gaudeamus&#8221; &#8211; wyr\u00f3\u017cnienie za udany debiut<\/p>\n","protected":false},"excerpt":{"rendered":"<p>2021 International Festival of Orthodox Church Music &#8222;Hajn\u00f3wka&#8221; &#8211; I place, in cathegory Ch\u00f3ry Amatorskie \u015awieckie 2019 IV Mi\u0119dzynarodowy Konkurs Muzyki Ch\u00f3ralnej &#8222;Cantu Gaudeamus&#8221; w Bia\u0142ymstoku &#8211; Grand Prix, najwy\u017csza punktacja w kategoriach Muzyka Sakralna oraz Muzyka Wsp\u00f3\u0142czesna 2018 XVII Mi\u0119dzynarodowy Festiwal Muzyki Ch\u00f3ralnej im. Feliksa Nowowiejskiego w Barczewie &#8211; Grand Prix, nagroda specjalna &#8222;Za <a href=\"https:\/\/www.chor.pw.edu.pl\/index.php\/en\/achievements\/\" rel=\"nofollow\"><span class=\"sr-only\">Read more about Achievements<\/span>[&#8230;]<\/a><\/p>\n","protected":false},"author":1,"featured_media":0,"parent":0,"menu_order":0,"comment_status":"closed","ping_status":"closed","template":"","meta":{"footnotes":""},"_links":{"self":[{"href":"https:\/\/www.chor.pw.edu.pl\/index.php\/wp-json\/wp\/v2\/pages\/113"}],"collection":[{"href":"https:\/\/www.chor.pw.edu.pl\/index.php\/wp-json\/wp\/v2\/pages"}],"about":[{"href":"https:\/\/www.chor.pw.edu.pl\/index.php\/wp-json\/wp\/v2\/types\/page"}],"author":[{"embeddable":true,"href":"https:\/\/www.chor.pw.edu.pl\/index.php\/wp-json\/wp\/v2\/users\/1"}],"replies":[{"embeddable":true,"href":"https:\/\/www.chor.pw.edu.pl\/index.php\/wp-json\/wp\/v2\/comments?post=113"}],"version-history":[{"count":3,"href":"https:\/\/www.chor.pw.edu.pl\/index.php\/wp-json\/wp\/v2\/pages\/113\/revisions"}],"predecessor-version":[{"id":1347,"href":"https:\/\/www.chor.pw.edu.pl\/index.php\/wp-json\/wp\/v2\/pages\/113\/revisions\/1347"}],"wp:attachment":[{"href":"https:\/\/www.chor.pw.edu.pl\/index.php\/wp-json\/wp\/v2\/media?parent=113"}],"curies":[{"name":"wp","href":"https:\/\/api.w.org\/{rel}","templated":true}]}}