{"id":1294,"date":"2024-04-13T06:54:33","date_gmt":"2024-04-13T04:54:33","guid":{"rendered":"https:\/\/www.chor.pw.edu.pl\/?page_id=1294"},"modified":"2024-07-26T19:19:22","modified_gmt":"2024-07-26T17:19:22","slug":"chor-malych-inzynierow","status":"publish","type":"page","link":"https:\/\/www.chor.pw.edu.pl\/index.php\/pl\/chor-malych-inzynierow\/","title":{"rendered":"Ch\u00f3r Ma\u0142ych In\u017cynier\u00f3w"},"content":{"rendered":"<p><span class=\"x4k7w5x x1h91t0o x1h9r5lt x1jfb8zj xv2umb2 x1beo9mf xaigb6o x12ejxvf x3igimt xarpa2k xedcshv x1lytzrv x1t2pt76 x7ja8zs x1qrby5j\"><span class=\"x193iq5w xeuugli x13faqbe x1vvkbs x1xmvt09 x1lliihq x1s928wv xhkezso x1gmr53x x1cpjm7i x1fgarty x1943h6x xudqn12 x3x7a5m x6prxxf xvq8zen xo1l8bm xzsf02u\" dir=\"auto\">W naszym ch\u00f3rze \u015bpiewaj\u0105cym in\u017cynierem mo\u017ce by\u0107 ka\u017cdy, tak\u017ce dzieci! <\/span><\/span><\/p>\n<p><span class=\"x4k7w5x x1h91t0o x1h9r5lt x1jfb8zj xv2umb2 x1beo9mf xaigb6o x12ejxvf x3igimt xarpa2k xedcshv x1lytzrv x1t2pt76 x7ja8zs x1qrby5j\"><span class=\"x193iq5w xeuugli x13faqbe x1vvkbs x1xmvt09 x1lliihq x1s928wv xhkezso x1gmr53x x1cpjm7i x1fgarty x1943h6x xudqn12 x3x7a5m x6prxxf xvq8zen xo1l8bm xzsf02u\" dir=\"auto\">Je\u015bli Wasze dzieci lubi\u0105 \u015bpiewa\u0107, bawi\u0107 si\u0119 muzyk\u0105 i do\u015bwiadcza\u0107 nowych rzeczy, to mamy dla Was \u015bwietn\u0105 propozycj\u0119! <\/span><\/span><\/p>\n<p><span class=\"x4k7w5x x1h91t0o x1h9r5lt x1jfb8zj xv2umb2 x1beo9mf xaigb6o x12ejxvf x3igimt xarpa2k xedcshv x1lytzrv x1t2pt76 x7ja8zs x1qrby5j\"><span class=\"x193iq5w xeuugli x13faqbe x1vvkbs x1xmvt09 x1lliihq x1s928wv xhkezso x1gmr53x x1cpjm7i x1fgarty x1943h6x xudqn12 x3x7a5m x6prxxf xvq8zen xo1l8bm xzsf02u\" dir=\"auto\">Zapraszamy do udzia\u0142u w Ch\u00f3rze Ma\u0142ych In\u017cynier\u00f3w!<\/span><\/span><\/p>\n<p><span class=\"x4k7w5x x1h91t0o x1h9r5lt x1jfb8zj xv2umb2 x1beo9mf xaigb6o x12ejxvf x3igimt xarpa2k xedcshv x1lytzrv x1t2pt76 x7ja8zs x1qrby5j\"><span class=\"x193iq5w xeuugli x13faqbe x1vvkbs x1xmvt09 x1lliihq x1s928wv xhkezso x1gmr53x x1cpjm7i x1fgarty x1943h6x xudqn12 x3x7a5m x6prxxf xvq8zen xo1l8bm xzsf02u\" dir=\"auto\">Ch\u00f3r Ma\u0142ych In\u017cynier\u00f3w to zesp\u00f3\u0142, kt\u00f3ry powsta\u0142 w 2023 roku na potrzeby muzykalnych dzieci, kt\u00f3re chcia\u0142yby poznawa\u0107 ch\u00f3ralny \u015bwiat ju\u017c od najm\u0142odszych lat. <\/span><\/span><\/p>\n<p><span class=\"x4k7w5x x1h91t0o x1h9r5lt x1jfb8zj xv2umb2 x1beo9mf xaigb6o x12ejxvf x3igimt xarpa2k xedcshv x1lytzrv x1t2pt76 x7ja8zs x1qrby5j\"><span class=\"x193iq5w xeuugli x13faqbe x1vvkbs x1xmvt09 x1lliihq x1s928wv xhkezso x1gmr53x x1cpjm7i x1fgarty x1943h6x xudqn12 x3x7a5m x6prxxf xvq8zen xo1l8bm xzsf02u\" dir=\"auto\">Ch\u00f3r dzia\u0142a projektowo a na swoim koncie ma ju\u017c opraw\u0119 takich wydarze\u0144 jak: Fina\u0142 WO\u015aP na Politechnice Warszawskiej czy Koncert Muzyki Filmowej JUNIOR na COS Torwar. <\/span><\/span><\/p>\n<p><span class=\"x4k7w5x x1h91t0o x1h9r5lt x1jfb8zj xv2umb2 x1beo9mf xaigb6o x12ejxvf x3igimt xarpa2k xedcshv x1lytzrv x1t2pt76 x7ja8zs x1qrby5j\"><span class=\"x193iq5w xeuugli x13faqbe x1vvkbs x1xmvt09 x1lliihq x1s928wv xhkezso x1gmr53x x1cpjm7i x1fgarty x1943h6x xudqn12 x3x7a5m x6prxxf xvq8zen xo1l8bm xzsf02u\" dir=\"auto\">W zale\u017cno\u015bci od projektu zapraszamy dzieci w wieku od 5 do 12 lat. W naszym ch\u00f3rze znajdzie si\u0119 miejsce dla ka\u017cdego! <\/span><\/span><\/p>\n<p><span class=\"x4k7w5x x1h91t0o x1h9r5lt x1jfb8zj xv2umb2 x1beo9mf xaigb6o x12ejxvf x3igimt xarpa2k xedcshv x1lytzrv x1t2pt76 x7ja8zs x1qrby5j\"><span class=\"x193iq5w xeuugli x13faqbe x1vvkbs x1xmvt09 x1lliihq x1s928wv xhkezso x1gmr53x x1cpjm7i x1fgarty x1943h6x xudqn12 x3x7a5m x6prxxf xvq8zen xo1l8bm xzsf02u\" dir=\"auto\">Co czeka na Was w Ch\u00f3rze Ma\u0142ych In\u017cynier\u00f3w?<\/span><\/span><\/p>\n<ul>\n<li><span class=\"x4k7w5x x1h91t0o x1h9r5lt x1jfb8zj xv2umb2 x1beo9mf xaigb6o x12ejxvf x3igimt xarpa2k xedcshv x1lytzrv x1t2pt76 x7ja8zs x1qrby5j\"><span class=\"x193iq5w xeuugli x13faqbe x1vvkbs x1xmvt09 x1lliihq x1s928wv xhkezso x1gmr53x x1cpjm7i x1fgarty x1943h6x xudqn12 x3x7a5m x6prxxf xvq8zen xo1l8bm xzsf02u\" dir=\"auto\"> warsztaty umuzykalniaj\u0105ce z wykwalifikowan\u0105 kadr\u0105, <\/span><\/span><\/li>\n<li><span class=\"x4k7w5x x1h91t0o x1h9r5lt x1jfb8zj xv2umb2 x1beo9mf xaigb6o x12ejxvf x3igimt xarpa2k xedcshv x1lytzrv x1t2pt76 x7ja8zs x1qrby5j\"><span class=\"x193iq5w xeuugli x13faqbe x1vvkbs x1xmvt09 x1lliihq x1s928wv xhkezso x1gmr53x x1cpjm7i x1fgarty x1943h6x xudqn12 x3x7a5m x6prxxf xvq8zen xo1l8bm xzsf02u\" dir=\"auto\">duuu\u017co zabawy pod okiem do\u015bwiadczonych pedagog\u00f3w, <\/span><\/span><\/li>\n<li><span class=\"x4k7w5x x1h91t0o x1h9r5lt x1jfb8zj xv2umb2 x1beo9mf xaigb6o x12ejxvf x3igimt xarpa2k xedcshv x1lytzrv x1t2pt76 x7ja8zs x1qrby5j\"><span class=\"x193iq5w xeuugli x13faqbe x1vvkbs x1xmvt09 x1lliihq x1s928wv xhkezso x1gmr53x x1cpjm7i x1fgarty x1943h6x xudqn12 x3x7a5m x6prxxf xvq8zen xo1l8bm xzsf02u\" dir=\"auto\">integracja i nawi\u0105zywanie nowych, ekscytuj\u0105cych znajomo\u015bci.<\/span><\/span><\/li>\n<\/ul>\n<p><span class=\"x4k7w5x x1h91t0o x1h9r5lt x1jfb8zj xv2umb2 x1beo9mf xaigb6o x12ejxvf x3igimt xarpa2k xedcshv x1lytzrv x1t2pt76 x7ja8zs x1qrby5j\"><span class=\"x193iq5w xeuugli x13faqbe x1vvkbs x1xmvt09 x1lliihq x1s928wv xhkezso x1gmr53x x1cpjm7i x1fgarty x1943h6x xudqn12 x3x7a5m x6prxxf xvq8zen xo1l8bm xzsf02u\" dir=\"auto\"> Zg\u0142oszenia do ch\u00f3ru ka\u017cdorazowo odbywaj\u0105 si\u0119 przez formularz, kt\u00f3ry dost\u0119pny jest wraz z og\u0142oszeniem nowego projektu. A o nowo\u015bciach dowiecie si\u0119 wi\u0119cej na naszym Facebooku: <a class=\"x1i10hfl xjbqb8w x1ejq31n xd10rxx x1sy0etr x17r0tee x972fbf xcfux6l x1qhh985 xm0m39n x9f619 x1ypdohk xt0psk2 xe8uvvx xdj266r x11i5rnm xat24cr x1mh8g0r xexx8yu x4uap5 x18d9i69 xkhd6sd x16tdsg8 xggy1nq x1a2a7pz xt0b8zv x1s688f x1heor9g x1bvjpef\" tabindex=\"-1\" href=\"https:\/\/www.facebook.com\/chormalychinzynierow\/\" rel=\"noreferrer noopener nofollow\">https:\/\/www.facebook.com\/chormalychinzynierow\/<\/a>. <\/span><\/span><\/p>\n<p><span class=\"x4k7w5x x1h91t0o x1h9r5lt x1jfb8zj xv2umb2 x1beo9mf xaigb6o x12ejxvf x3igimt xarpa2k xedcshv x1lytzrv x1t2pt76 x7ja8zs x1qrby5j\"><span class=\"x193iq5w xeuugli x13faqbe x1vvkbs x1xmvt09 x1lliihq x1s928wv xhkezso x1gmr53x x1cpjm7i x1fgarty x1943h6x xudqn12 x3x7a5m x6prxxf xvq8zen xo1l8bm xzsf02u\" dir=\"auto\">Gotowi na muzyczn\u0105 przygod\u0119? Obserwujcie nas! <\/span><\/span><\/p>\n<p><span class=\"x4k7w5x x1h91t0o x1h9r5lt x1jfb8zj xv2umb2 x1beo9mf xaigb6o x12ejxvf x3igimt xarpa2k xedcshv x1lytzrv x1t2pt76 x7ja8zs x1qrby5j\"><span class=\"x193iq5w xeuugli x13faqbe x1vvkbs x1xmvt09 x1lliihq x1s928wv xhkezso x1gmr53x x1cpjm7i x1fgarty x1943h6x xudqn12 x3x7a5m x6prxxf xvq8zen xo1l8bm xzsf02u\" dir=\"auto\">Kontakt: <a href=\"mailto:chormalychinzynierow@gmail.com\">chormalychinzynierow@gmail.com<\/a><\/span><\/span><\/p>\n","protected":false},"excerpt":{"rendered":"<p>W naszym ch\u00f3rze \u015bpiewaj\u0105cym in\u017cynierem mo\u017ce by\u0107 ka\u017cdy, tak\u017ce dzieci! Je\u015bli Wasze dzieci lubi\u0105 \u015bpiewa\u0107, bawi\u0107 si\u0119 muzyk\u0105 i do\u015bwiadcza\u0107 nowych rzeczy, to mamy dla Was \u015bwietn\u0105 propozycj\u0119! Zapraszamy do udzia\u0142u w Ch\u00f3rze Ma\u0142ych In\u017cynier\u00f3w! Ch\u00f3r Ma\u0142ych In\u017cynier\u00f3w to zesp\u00f3\u0142, kt\u00f3ry powsta\u0142 w 2023 roku na potrzeby muzykalnych dzieci, kt\u00f3re chcia\u0142yby poznawa\u0107 ch\u00f3ralny \u015bwiat ju\u017c <a href=\"https:\/\/www.chor.pw.edu.pl\/index.php\/pl\/chor-malych-inzynierow\/\" rel=\"nofollow\"><span class=\"sr-only\">Read more about Ch\u00f3r Ma\u0142ych In\u017cynier\u00f3w<\/span>[&#8230;]<\/a><\/p>\n","protected":false},"author":8,"featured_media":0,"parent":0,"menu_order":0,"comment_status":"closed","ping_status":"closed","template":"","meta":{"footnotes":""},"_links":{"self":[{"href":"https:\/\/www.chor.pw.edu.pl\/index.php\/wp-json\/wp\/v2\/pages\/1294"}],"collection":[{"href":"https:\/\/www.chor.pw.edu.pl\/index.php\/wp-json\/wp\/v2\/pages"}],"about":[{"href":"https:\/\/www.chor.pw.edu.pl\/index.php\/wp-json\/wp\/v2\/types\/page"}],"author":[{"embeddable":true,"href":"https:\/\/www.chor.pw.edu.pl\/index.php\/wp-json\/wp\/v2\/users\/8"}],"replies":[{"embeddable":true,"href":"https:\/\/www.chor.pw.edu.pl\/index.php\/wp-json\/wp\/v2\/comments?post=1294"}],"version-history":[{"count":7,"href":"https:\/\/www.chor.pw.edu.pl\/index.php\/wp-json\/wp\/v2\/pages\/1294\/revisions"}],"predecessor-version":[{"id":1309,"href":"https:\/\/www.chor.pw.edu.pl\/index.php\/wp-json\/wp\/v2\/pages\/1294\/revisions\/1309"}],"wp:attachment":[{"href":"https:\/\/www.chor.pw.edu.pl\/index.php\/wp-json\/wp\/v2\/media?parent=1294"}],"curies":[{"name":"wp","href":"https:\/\/api.w.org\/{rel}","templated":true}]}}