{"id":13,"date":"2016-12-12T22:18:43","date_gmt":"2016-12-12T21:18:43","guid":{"rendered":"http:\/\/www.chor.pw.edu.pl\/?page_id=13"},"modified":"2024-10-01T17:07:50","modified_gmt":"2024-10-01T15:07:50","slug":"nabor","status":"publish","type":"page","link":"https:\/\/www.chor.pw.edu.pl\/index.php\/pl\/nabor\/","title":{"rendered":"Nab\u00f3r"},"content":{"rendered":"<div id=\"pl-13\"  class=\"panel-layout\" ><div id=\"pg-13-0\"  class=\"panel-grid panel-no-style\" ><div id=\"pgc-13-0-0\"  class=\"panel-grid-cell\" ><div id=\"panel-13-0-0-0\" class=\"so-panel widget widget_black-studio-tinymce widget_black_studio_tinymce panel-first-child panel-last-child\" data-index=\"0\" ><div class=\"textwidget\"><div class=\"wow fadeInUp animated\" style=\"height:100%\">\n\t<span class=\"span-center\"><br \/>\n\t\tSerdecznie zapraszamy wszystkich mi\u0142o\u015bnik\u00f3w muzyki, a w szczeg\u00f3lno\u015bci mi\u0142o\u015bnik\u00f3w instrumentu najdoskonalszego, jakim jest g\u0142os ludzki.<br \/>\n\t<\/span>\n<\/div>\n<\/div><\/div><\/div><div id=\"pgc-13-0-1\"  class=\"panel-grid-cell\" ><div id=\"panel-13-0-1-0\" class=\"so-panel widget widget_black-studio-tinymce widget_black_studio_tinymce panel-first-child panel-last-child\" data-index=\"1\" ><div class=\"textwidget\"><div class=\"wow fadeInUp animated\">\n<div class=\"video-container\"><iframe class=\"video\" src=\"https:\/\/www.youtube.com\/embed\/RLkbQFv3TD8\"><\/iframe><\/div>\n<\/div>\n<\/div><\/div><\/div><\/div><div id=\"pg-13-1\"  class=\"panel-grid panel-no-style\" ><div id=\"pgc-13-1-0\"  class=\"panel-grid-cell\" ><div id=\"panel-13-1-0-0\" class=\"so-panel widget widget_sow-editor panel-first-child panel-last-child\" data-index=\"2\" ><div\n\t\t\t\n\t\t\tclass=\"so-widget-sow-editor so-widget-sow-editor-base\"\n\t\t\t\n\t\t>\n<div class=\"siteorigin-widget-tinymce textwidget\">\n\t<div style=\"line-height: 28px;\">\n<div class=\"wow fadeInLeft animated\">\n<h1>Nab\u00f3r 2024<\/h1>\n<p>Startujemy z naborem ch\u00f3ralnych w sezonie 2024\/2025!<\/p>\n<p>Nabory r\u00f3wnolegle do 3 ch\u00f3r\u00f3w:<\/p>\n<p>- Ch\u00f3ru Akademickiego Politechniki Warszawskiej<br \/>\n- Ch\u00f3ru Quantum Politechniki Warszawskiej<br \/>\n- Ch\u00f3ru Kameralnego Tibi Domine<\/p>\n<p>Dzi\u0119ki przyj\u015bciu na przes\u0142uchanie b\u0119dziesz mie\u0107 mo\u017cliwo\u015b\u0107 do\u0142\u0105czenia do jednego z czterech zespo\u0142\u00f3w!<br \/>\nJe\u015bli lubisz \u015bpiewa\u0107 i zale\u017cy Ci na rozwijaniu si\u0119 wokalnie oraz muzycznie, \u015bwietnie trafi\u0142e\u015b \u2013 ch\u00f3rzy\u015bci maj\u0105 mo\u017cliwo\u015b\u0107 uczestniczenia w zaj\u0119ciach z emisji g\u0142osu oraz kszta\u0142cenia s\u0142uchu przez ca\u0142y rok!<\/p>\n<p><!-- Nab\u00f3r na sezon 2023\/2024 zosta\u0142 zako\u0144czony. Nast\u0119pny nab\u00f3r jest planowany na prze\u0142om wrze\u015bnia i pa\u017adziernika 2024. W mi\u0119dzyczasie zach\u0119camy do \u015bledzenia naszych social medi\u00f3w, gdzie publikujemy wszystkie bie\u017c\u0105ce informacje.--><br \/>\nOd 30 wrze\u015bnia do 20 pa\u017adziernika przyjmujemy zg\u0142oszenia przez ankiet\u0119 naborow\u0105: <a href=\"https:\/\/forms.gle\/R4DJLDqZJSFfjzqk9\">https:\/\/forms.gle\/R4DJLDqZJSFfjzqk9<\/a><\/p>\n<\/div>\n<\/div>\n<\/div>\n<\/div><\/div><\/div><\/div><div id=\"pg-13-2\"  class=\"panel-grid panel-no-style\" ><div id=\"pgc-13-2-0\"  class=\"panel-grid-cell panel-grid-cell-empty\" ><\/div><\/div><\/div>","protected":false},"excerpt":{"rendered":"<p>Serdecznie zapraszamy wszystkich mi\u0142o\u015bnik\u00f3w muzyki, a w szczeg\u00f3lno\u015bci mi\u0142o\u015bnik\u00f3w instrumentu najdoskonalszego, jakim jest g\u0142os ludzki. Nab\u00f3r 2024 Startujemy z naborem ch\u00f3ralnych w sezonie 2024\/2025! Nabory r\u00f3wnolegle do 3 ch\u00f3r\u00f3w: &#8211; Ch\u00f3ru Akademickiego Politechniki Warszawskiej &#8211; Ch\u00f3ru Quantum Politechniki Warszawskiej &#8211; Ch\u00f3ru Kameralnego Tibi Domine Dzi\u0119ki przyj\u015bciu na przes\u0142uchanie b\u0119dziesz mie\u0107 mo\u017cliwo\u015b\u0107 do\u0142\u0105czenia do jednego z <a href=\"https:\/\/www.chor.pw.edu.pl\/index.php\/pl\/nabor\/\" rel=\"nofollow\"><span class=\"sr-only\">Read more about Nab\u00f3r<\/span>[&#8230;]<\/a><\/p>\n","protected":false},"author":1,"featured_media":0,"parent":0,"menu_order":0,"comment_status":"closed","ping_status":"closed","template":"template-fullwidth.php","meta":{"footnotes":""},"_links":{"self":[{"href":"https:\/\/www.chor.pw.edu.pl\/index.php\/wp-json\/wp\/v2\/pages\/13"}],"collection":[{"href":"https:\/\/www.chor.pw.edu.pl\/index.php\/wp-json\/wp\/v2\/pages"}],"about":[{"href":"https:\/\/www.chor.pw.edu.pl\/index.php\/wp-json\/wp\/v2\/types\/page"}],"author":[{"embeddable":true,"href":"https:\/\/www.chor.pw.edu.pl\/index.php\/wp-json\/wp\/v2\/users\/1"}],"replies":[{"embeddable":true,"href":"https:\/\/www.chor.pw.edu.pl\/index.php\/wp-json\/wp\/v2\/comments?post=13"}],"version-history":[{"count":83,"href":"https:\/\/www.chor.pw.edu.pl\/index.php\/wp-json\/wp\/v2\/pages\/13\/revisions"}],"predecessor-version":[{"id":1338,"href":"https:\/\/www.chor.pw.edu.pl\/index.php\/wp-json\/wp\/v2\/pages\/13\/revisions\/1338"}],"wp:attachment":[{"href":"https:\/\/www.chor.pw.edu.pl\/index.php\/wp-json\/wp\/v2\/media?parent=13"}],"curies":[{"name":"wp","href":"https:\/\/api.w.org\/{rel}","templated":true}]}}