{"id":30,"date":"2016-12-12T22:24:58","date_gmt":"2016-12-12T21:24:58","guid":{"rendered":"http:\/\/www.chor.pw.edu.pl\/?page_id=30"},"modified":"2023-10-23T19:03:37","modified_gmt":"2023-10-23T17:03:37","slug":"o-nas","status":"publish","type":"page","link":"https:\/\/www.chor.pw.edu.pl\/index.php\/pl\/o-nas\/","title":{"rendered":"O nas"},"content":{"rendered":"<div id=\"pl-30\"  class=\"panel-layout\" ><div id=\"pg-30-0\"  class=\"panel-grid panel-no-style\" ><div id=\"pgc-30-0-0\"  class=\"panel-grid-cell\" ><div id=\"panel-30-0-0-0\" class=\"so-panel widget widget_black-studio-tinymce widget_black_studio_tinymce panel-first-child\" data-index=\"0\" ><div class=\"textwidget\"><p><strong>\u015apiewa\u0107 mo\u017ce ka\u017cdy, ale oni robi\u0105 to wyj\u0105tkowo dobrze. I to mimo \u017ce nie s\u0105 ch\u00f3rem zawodowym. Jak zdarza im si\u0119 sp\u0119dza\u0107 czas przed pr\u00f3bami? Dlaczego maj\u0105 tak \u015bwietne wspomnienia z Legnicy? Co \u0142\u0105czy ich z Japoni\u0105? Zapraszamy do zapoznania si\u0119 z alfabetem Ch\u00f3ru Akademickiego Politechniki Warszawskiej.\u00a0 <\/strong><\/p>\n<p><a href=\"http:\/\/www.chor.pw.edu.pl\/wp-content\/uploads\/2016\/12\/125951284_4791162387624405_9003174304807472747_n.jpg\"><img loading=\"lazy\" decoding=\"async\" src=\"http:\/\/www.chor.pw.edu.pl\/wp-content\/uploads\/2016\/12\/125951284_4791162387624405_9003174304807472747_n.jpg\" alt=\"\" width=\"2016\" height=\"1134\" class=\"alignnone size-full wp-image-1155\" srcset=\"https:\/\/www.chor.pw.edu.pl\/wp-content\/uploads\/2016\/12\/125951284_4791162387624405_9003174304807472747_n.jpg 2016w, https:\/\/www.chor.pw.edu.pl\/wp-content\/uploads\/2016\/12\/125951284_4791162387624405_9003174304807472747_n-300x169.jpg 300w, https:\/\/www.chor.pw.edu.pl\/wp-content\/uploads\/2016\/12\/125951284_4791162387624405_9003174304807472747_n-768x432.jpg 768w, https:\/\/www.chor.pw.edu.pl\/wp-content\/uploads\/2016\/12\/125951284_4791162387624405_9003174304807472747_n-1024x576.jpg 1024w\" sizes=\"(max-width: 2016px) 100vw, 2016px\" \/><\/a><\/p>\n<\/div><\/div><div id=\"panel-30-0-0-1\" class=\"so-panel widget widget_black-studio-tinymce widget_black_studio_tinymce\" data-index=\"1\" ><div class=\"textwidget\"><p><strong>A jak atmosfera<\/strong><\/p>\n<p>Co\u015b, co sprawia, \u017ce cz\u0142onkowie zespo\u0142u chc\u0105 przychodzi\u0107 na pr\u00f3by, \u0107wiczy\u0107, ale te\u017c po prostu sp\u0119dza\u0107 ze sob\u0105 czas. Podkre\u015blaj\u0105 to zgodnie Krzysiek Zagrodzki i Magda Zlot (oboje w ch\u00f3rze od 6 lat) oraz Wojtek Urba\u0144ski (mo\u017ce pochwali\u0107 si\u0119 pi\u0119cioletnim sta\u017cem w zespole).<\/p>\n<p><strong>B jak brak ogranicze\u0144<\/strong><\/p>\n<p>Mimo \u017ce to ch\u00f3r Politechniki Warszawskiej, to nie znaczy, \u017ce \u015bpiewaj\u0105 w nim tylko studenci naszej Uczelni. Najlepszym przyk\u0142adem jest Magda, absolwentka Uniwersytetu Warszawskiego.<\/p>\n<p><strong>C jak czas<\/strong><\/p>\n<p>Wi\u0119kszo\u015b\u0107 os\u00f3b do\u0142\u0105cza do ch\u00f3ru na pocz\u0105tku studi\u00f3w. Edukacj\u0119 uniwersyteck\u0105 ko\u0144cz\u0105, a w zespole zostaj\u0105. Niekt\u00f3rzy na naprawd\u0119 d\u0142ugo. Rekordzist\u0105 jest ch\u00f3rzystka, kt\u00f3ra \u015bpiewa tu od 15 lat, czyli od pocz\u0105tku istnienia ch\u00f3ru.<\/p>\n<p><strong>D jak dyrygenci<\/strong><\/p>\n<p>Pierwszym dyrygentem i kierownikiem zespo\u0142u jest dr hab. Dariusz Zimnicki, absolwent Konserwatorium Wile\u0144skiego oraz Akademii Muzycznej w Warszawie (specjalno\u015b\u0107: dyrygentura ch\u00f3ralna). Dla ch\u00f3rzyst\u00f3w autorytet, ale tak\u017ce nauczyciel, kt\u00f3ry nie tworzy sztucznego dystansu. Co uwa\u017ca za najwa\u017cniejsze w pracy z zespo\u0142em? \u2013 Wyznaczenie sobie wsp\u00f3lnego celu. Je\u015bli jest oczywisty, to wszyscy ch\u0119tnie pod\u0105\u017caj\u0105 w tym kierunku \u2013 m\u00f3wi. Drugim dyrygentem ch\u00f3ru jest Justyna Pakulak.<\/p>\n<p><a href=\"http:\/\/www.chor.pw.edu.pl\/wp-content\/uploads\/2016\/12\/68430828_3042220422518619_7418272113561174016_n.jpg\"><img loading=\"lazy\" decoding=\"async\" src=\"http:\/\/www.chor.pw.edu.pl\/wp-content\/uploads\/2016\/12\/68430828_3042220422518619_7418272113561174016_n.jpg\" alt=\"\" width=\"2048\" height=\"1153\" class=\"alignnone size-full wp-image-1156\" srcset=\"https:\/\/www.chor.pw.edu.pl\/wp-content\/uploads\/2016\/12\/68430828_3042220422518619_7418272113561174016_n.jpg 2048w, https:\/\/www.chor.pw.edu.pl\/wp-content\/uploads\/2016\/12\/68430828_3042220422518619_7418272113561174016_n-300x169.jpg 300w, https:\/\/www.chor.pw.edu.pl\/wp-content\/uploads\/2016\/12\/68430828_3042220422518619_7418272113561174016_n-768x432.jpg 768w, https:\/\/www.chor.pw.edu.pl\/wp-content\/uploads\/2016\/12\/68430828_3042220422518619_7418272113561174016_n-1024x577.jpg 1024w\" sizes=\"(max-width: 2048px) 100vw, 2048px\" \/><\/a><\/p>\n<\/div><\/div><div id=\"panel-30-0-0-2\" class=\"so-panel widget widget_black-studio-tinymce widget_black_studio_tinymce\" data-index=\"2\" ><div class=\"textwidget\"><p><strong>E jak edukacja <\/strong><\/p>\n<p>Cz\u0142onkostwo w ch\u00f3rze to spos\u00f3b na \u015bwietne sp\u0119dzanie czasu, ale te\u017c okazja, by rozwija\u0107 si\u0119 artystycznie. \u2013 Ka\u017cdy z nas czuje, \u017ce \u015bpiewa du\u017co lepiej, ni\u017c wtedy, kiedy przyszed\u0142 na przes\u0142uchania \u2013 m\u00f3wi Magda. \u2013 Czujemy te\u017c, \u017ce rozwijamy si\u0119 jako zesp\u00f3\u0142.<\/p>\n<p><strong>F jak faktor<\/strong><\/p>\n<p>Co\u015b, co sprawia, \u017ce zostaje si\u0119 \u015bwietnym ch\u00f3rzyst\u0105. Najkr\u00f3cej mo\u017cna powiedzie\u0107 po prostu: po\u0142\u0105czenie talentu wokalnego i charakteru.<\/p>\n<p><strong>G jak g\u0142os<\/strong><\/p>\n<p>Wa\u017cne, by cz\u0142owiek potrafi\u0142 nad nim panowa\u0107, regulowa\u0107 jego dynamik\u0119 i tembr oraz by by\u0142 to g\u0142os podatny na nauk\u0119. Taki sprawdzi si\u0119 w ch\u00f3rze najlepiej.<\/p>\n<p><strong>H jak harmonia <\/strong><\/p>\n<p>Bez niej nawet najlepsi wokali\u015bci nie stworz\u0105 pi\u0119knie brzmi\u0105cego ch\u00f3ru.<\/p>\n<p><strong>I jak in\u017cynierowie<\/strong><\/p>\n<p>\u2013 Nie wiem, czy in\u017cynierowie s\u0105 najlepszymi \u015bpiewakami \u2013 hobbystami, ale ja znajduj\u0119 w nich to, co lubi\u0119 w muzyce \u2013 m\u00f3wi Dariusz Zimnicki.<\/p>\n<p>I dodaje: \u2013 In\u017cynier z za\u0142o\u017cenia jest dok\u0142adny i konkretny. Sam jestem cz\u0142owiekiem o dosy\u0107 \u015bcis\u0142ym umy\u015ble. My\u015bl\u0119, \u017ce dlatego tak dobrze si\u0119 dogadujemy.<\/p>\n<p><a href=\"http:\/\/www.chor.pw.edu.pl\/wp-content\/uploads\/2016\/12\/180142911_425074465221552_3258614184364105688_n.jpg\"><img loading=\"lazy\" decoding=\"async\" src=\"http:\/\/www.chor.pw.edu.pl\/wp-content\/uploads\/2016\/12\/180142911_425074465221552_3258614184364105688_n.jpg\" alt=\"\" width=\"2039\" height=\"1274\" class=\"alignnone size-full wp-image-1157\" srcset=\"https:\/\/www.chor.pw.edu.pl\/wp-content\/uploads\/2016\/12\/180142911_425074465221552_3258614184364105688_n.jpg 2039w, https:\/\/www.chor.pw.edu.pl\/wp-content\/uploads\/2016\/12\/180142911_425074465221552_3258614184364105688_n-300x187.jpg 300w, https:\/\/www.chor.pw.edu.pl\/wp-content\/uploads\/2016\/12\/180142911_425074465221552_3258614184364105688_n-768x480.jpg 768w, https:\/\/www.chor.pw.edu.pl\/wp-content\/uploads\/2016\/12\/180142911_425074465221552_3258614184364105688_n-1024x640.jpg 1024w\" sizes=\"(max-width: 2039px) 100vw, 2039px\" \/><\/a><\/p>\n<\/div><\/div><div id=\"panel-30-0-0-3\" class=\"so-panel widget widget_black-studio-tinymce widget_black_studio_tinymce\" data-index=\"3\" ><div class=\"textwidget\"><p><strong>J jak Japonia <\/strong><\/p>\n<p>W czasie licznych wyst\u0119p\u00f3w ch\u00f3rowi PW nie brakuje okazji do nawi\u0105zywania kontakt\u00f3w z innymi zespo\u0142ami. \u2013 Mamy tak\u0105 wsp\u00f3\u0142prac\u0119 z ch\u00f3rem z Japonii, mo\u017ce mo\u017cna ju\u017c nawet powiedzie\u0107, \u017ce to przyja\u017a\u0144 \u2013 opowiada Magda. \u2013 Oni przyje\u017cd\u017caj\u0105 na koncerty do Warszawy, a my wspomagamy ich wtedy organizacyjnie.<\/p>\n<p>Ch\u00f3rem Collegium Cantorum Yokohama dyryguje Ko Matsushita. \u2013 To bardzo znana posta\u0107 w naszym \u015brodowisku \u2013 m\u00f3wi Wojtek.<\/p>\n<p><strong>K jak kalendarz<\/strong><\/p>\n<p>Ten na najbli\u017csze miesi\u0105ce jest szczelnie wype\u0142niony koncertami. S\u0105 w nim m.in. dwa brazylijskie miasta: Sao Paulo i Brasilia. Opr\u00f3cz tego b\u0119d\u0105 mieli przyjemno\u015b\u0107 za\u015bpiewa\u0107 w Gliwicach, Warszawie, Toruniu czy\u00a0Gda\u0144sku i wielu wielu innych przepi\u0119knych polskich miastach.<\/p>\n<p><strong>L jak Legnica Cantat<\/strong><\/p>\n<p>To nazwa Og\u00f3lnopolskiego Turnieju Ch\u00f3r\u00f3w. Zesp\u00f3\u0142 PW zapisa\u0142 w Legnicy pi\u0119kn\u0105 kart\u0119 nie tylko w swojej historii, ale te\u017c w dziejach ca\u0142ego konkursu. W\u00a02016 roku\u00a0po raz trzeci zdoby\u0142 Grand Prix. Rubinowa Lutnia \u2013 g\u0142\u00f3wna nagroda, z za\u0142o\u017cenia przechodnia, sta\u0142a si\u0119 tym samym w\u0142asno\u015bci\u0105 naszego ch\u00f3ru. Wcze\u015bniej tylko trzy inne zespo\u0142y dokona\u0142y podobnej sztuki. Wszystkim zaj\u0119\u0142o to jednak wi\u0119cej czasu. Nasi \u015bpiewacy potrzebowali na to tylko pi\u0119ciu lat \u2013 szybciej si\u0119 nie da, bo po zwyci\u0119stwie w konkursie w kolejnym roku zesp\u00f3\u0142 nie bierze w nim udzia\u0142u, tylko wyst\u0119puje w koncercie laureat\u00f3w.<\/p>\n<p><strong>\u0141 jak \u0142atwizna<\/strong><\/p>\n<p>Tutaj nikt nie lubi chodzi\u0107 na \u0142atwizn\u0119. Jest wr\u0119cz przeciwnie. \u2013 Zauwa\u017cy\u0142em, \u017ce ch\u00f3rzy\u015bci nadzwyczaj ch\u0119tnie ucz\u0105 si\u0119 skomplikowanych utwor\u00f3w, kt\u00f3re s\u0105 dla nich wyzwaniem \u2013 m\u00f3wi dyrygent Dariusz Zimnicki.<\/p>\n<p><strong>M jak maestro <\/strong><\/p>\n<p>\u2013 W zesz\u0142ym roku \u015bpiewali\u015bmy \u201eSiedem bram Jerozolimy\u201d Krzysztofa Pendereckiego \u2013 wspomina Krzysiek.<\/p>\n<p>To by\u0142o wielkie wyzwanie. W opisach utworu mo\u017cna przeczyta\u0107, \u017ce to \u201emonumentalne dzie\u0142o symfoniczne i kantatowo-oratoryjnym zarazem\u201d. A gdy do tego doda si\u0119 jeszcze, \u017ce ch\u00f3rem dyrygowa\u0142 w\u00f3wczas sam maestro Penderecki\u2026 \u2013 To by\u0142o dla nas du\u017ce prze\u017cycie \u2013 m\u00f3wi Magda.<\/p>\n<p><strong>N jak nuda <\/strong><\/p>\n<p>Co\u015b, czego w ch\u00f3rze PW nie u\u015bwiadczycie.<\/p>\n<p><strong>O jak otwarto\u015b\u0107<\/strong><\/p>\n<p>Na wszystko, co nowe. Na nowe utwory, na nowe miejsca, na nowe sposoby \u015bpiewania. Ale te\u017c na siebie nawzajem \u2013 na ludzi, kt\u00f3rych si\u0119 \u015bwietnie zna i spotyka na pr\u00f3bach. \u2013 Mamy ch\u00f3rzyst\u00f3w z wszystkich albo prawie wszystkich wydzia\u0142\u00f3w Politechniki \u2013 opowiada Magda. \u2013 Zdarza si\u0119, \u017ce kto\u015b na pr\u00f3b\u0119 przynosi jakie\u015b zadania do rozwi\u0105zania.<\/p>\n<p> Nie ma si\u0119 czemu dziwi\u0107. W\u015br\u00f3d tylu os\u00f3b na pewno znajdzie si\u0119 m\u0105dra g\u0142owa, kt\u00f3ra pomo\u017ce si\u0119 z nimi upora\u0107.<\/p>\n<p><strong>P jak pr\u00f3by<\/strong><\/p>\n<p>Odbywaj\u0105 si\u0119 dwa razy w tygodniu. Spotykaj\u0105 si\u0119 na nich wszyscy ch\u00f3rzy\u015bci i wsp\u00f3lnie pracuj\u0105 nad repertuarem. Zim\u0105 i latem organizowane s\u0105 warsztaty wyjazdowe. Zimowe w o\u015brodku Politechniki Warszawskiej w Grybowie, letnie zazwyczaj za granic\u0105. Do tej pory ch\u00f3rzy\u015bci odwiedzili m.in. Turcj\u0119, W\u0119gry i Hiszpani\u0119, a tak\u017ce Tajlandi\u0119! Do tego dochodz\u0105 jeszcze indywidualne zaj\u0119cia z emisji g\u0142osu, kt\u00f3re od 2019r. prowadz\u0105 Katarzyna Paw\u0142owska i Alicja Gala.<\/p>\n<p><a href=\"http:\/\/www.chor.pw.edu.pl\/wp-content\/uploads\/2016\/12\/241629630_518783412517323_8249408390760677730_n.jpg\"><img loading=\"lazy\" decoding=\"async\" src=\"http:\/\/www.chor.pw.edu.pl\/wp-content\/uploads\/2016\/12\/241629630_518783412517323_8249408390760677730_n.jpg\" alt=\"\" width=\"2048\" height=\"1262\" class=\"alignnone size-full wp-image-1158\" srcset=\"https:\/\/www.chor.pw.edu.pl\/wp-content\/uploads\/2016\/12\/241629630_518783412517323_8249408390760677730_n.jpg 2048w, https:\/\/www.chor.pw.edu.pl\/wp-content\/uploads\/2016\/12\/241629630_518783412517323_8249408390760677730_n-300x185.jpg 300w, https:\/\/www.chor.pw.edu.pl\/wp-content\/uploads\/2016\/12\/241629630_518783412517323_8249408390760677730_n-768x473.jpg 768w, https:\/\/www.chor.pw.edu.pl\/wp-content\/uploads\/2016\/12\/241629630_518783412517323_8249408390760677730_n-1024x631.jpg 1024w\" sizes=\"(max-width: 2048px) 100vw, 2048px\" \/><\/a><\/p>\n<\/div><\/div><div id=\"panel-30-0-0-4\" class=\"so-panel widget widget_black-studio-tinymce widget_black_studio_tinymce panel-last-child\" data-index=\"4\" ><div class=\"textwidget\"><p><strong>R jak repertuar<\/strong><\/p>\n<p>\u2013 Repertuar? Mog\u0119 go okre\u015bli\u0107 jednym s\u0142owem: wszelaki \u2013 \u015bmieje si\u0119 Krzysiek. \u2013 Od muzyki cerkiewnej po American spirituals, od madryga\u0142\u00f3w muzyki dawnej po dzisiejsz\u0105 muzyk\u0119 rozrywkow\u0105. \u015apiewamy praktycznie ca\u0142y przekr\u00f3j muzyki ch\u00f3ralnej, du\u017co dzie\u0142 oratoryjnych, mamy te\u017c koncerty muzyki filmowej.<\/p>\n<p><strong>S jak schematy pracy<\/strong><\/p>\n<p>S\u0105, a i owszem. Ale kadra wci\u0105\u017c wprowadza do przygotowa\u0144 nowe elementy, \u017ceby podtrzymywa\u0107 zainteresowanie ch\u00f3rzyst\u00f3w. \u2013 Nie ma rutyniarstwa \u2013 zaznacza Dariusz Zimnicki.<br \/>\n<strong>T jak towarzystwo <\/strong><\/p>\n<p>\u2013 Jak kto\u015b ma problem, to si\u0119 okazuje, \u017ce obok jest 50 kilka os\u00f3b, kt\u00f3re mog\u0105 pom\u00f3c \u2013 m\u00f3wi Magda.<\/p>\n<p><strong>U jak u\u015bmiech<\/strong><\/p>\n<p>Pojawia si\u0119 automatycznie po wej\u015bciu na <a href=\"http:\/\/chorpw.ecoethics.pl\/\" target=\"_blank\" rel=\"noopener noreferrer\">stron\u0119 internetow\u0105 grupy<\/a>. Obok r\u00f3\u017cnych informacji na temat zespo\u0142u mo\u017cna tu bowiem znale\u017a\u0107 blok \u201eCytaty z pr\u00f3by\u201d. Oczywi\u015bcie zabawne, utrzymane w stylu humoru z zeszyt\u00f3w.<\/p>\n<p>\u2013 Ludzie \u015bpiewaj\u0105 tu z u\u015bmiechem na ustach \u2013 m\u00f3wi Wojtek.<\/p>\n<p><strong>W jak wystarczy przyj\u015b\u0107 <\/strong><\/p>\n<p>Nab\u00f3r do ch\u00f3ru zwykle rozpoczyna si\u0119 na prze\u0142omie wrze\u015bnia i pa\u017adziernika. Wszystkie informacje o naborach znajduj\u0105 si\u0119 w zak\u0142adce <a href=\"https:\/\/www.chor.pw.edu.pl\/index.php\/pl\/nabor\/\" target=\"_blank\">Nab\u00f3r<\/a>. Nie trzeba przygotowywa\u0107 \u017cadnych utwor\u00f3w. Dyrygent gra na pianinie kilka d\u017awi\u0119k\u00f3w, kt\u00f3re nale\u017cy powt\u00f3rzy\u0107. Chodzi o to, \u017ceby sprawdzi\u0107, czy kandydat ma s\u0142uch muzyczny i jakie s\u0105 jego predyspozycje g\u0142osowe.<\/p>\n<p><strong>Z jak zosta\u0107 ch\u00f3rzyst\u0105 <\/strong><\/p>\n<p>Jakie s\u0105 cechy ch\u00f3rzysty idealnego? \u2013 Wiele razy si\u0119 nad tym zastanawiali\u015bmy na naszych wyjazdach warsztatowych \u2013 przyznaje Dariusz Zimnicki. \u2013 My\u015bl\u0119, \u017ce mo\u017cna by stworzy\u0107 taki model. Sporo naszych \u015bpiewak\u00f3w jest bardzo blisko takiego idea\u0142u.<\/p>\n<p>Napisa\u0142a o nas: <em>Agnieszka Kapela<\/em><\/p>\n<p><a href=\"http:\/\/www.chor.pw.edu.pl\/wp-content\/uploads\/2016\/12\/260235023_571152187280445_4979805741725757595_n.jpg\"><img loading=\"lazy\" decoding=\"async\" class=\"alignnone size-full wp-image-1159\" src=\"http:\/\/www.chor.pw.edu.pl\/wp-content\/uploads\/2016\/12\/260235023_571152187280445_4979805741725757595_n.jpg\" alt=\"\" width=\"1920\" height=\"1147\" srcset=\"https:\/\/www.chor.pw.edu.pl\/wp-content\/uploads\/2016\/12\/260235023_571152187280445_4979805741725757595_n.jpg 1920w, https:\/\/www.chor.pw.edu.pl\/wp-content\/uploads\/2016\/12\/260235023_571152187280445_4979805741725757595_n-300x179.jpg 300w, https:\/\/www.chor.pw.edu.pl\/wp-content\/uploads\/2016\/12\/260235023_571152187280445_4979805741725757595_n-768x459.jpg 768w, https:\/\/www.chor.pw.edu.pl\/wp-content\/uploads\/2016\/12\/260235023_571152187280445_4979805741725757595_n-1024x612.jpg 1024w\" sizes=\"(max-width: 1920px) 100vw, 1920px\" \/><\/a><\/p>\n<\/div><\/div><\/div><\/div><\/div>","protected":false},"excerpt":{"rendered":"<p>\u015apiewa\u0107 mo\u017ce ka\u017cdy, ale oni robi\u0105 to wyj\u0105tkowo dobrze. I to mimo \u017ce nie s\u0105 ch\u00f3rem zawodowym. Jak zdarza im si\u0119 sp\u0119dza\u0107 czas przed pr\u00f3bami? Dlaczego maj\u0105 tak \u015bwietne wspomnienia z Legnicy? Co \u0142\u0105czy ich z Japoni\u0105? Zapraszamy do zapoznania si\u0119 z alfabetem Ch\u00f3ru Akademickiego Politechniki Warszawskiej.\u00a0 A jak atmosfera Co\u015b, co sprawia, \u017ce cz\u0142onkowie <a href=\"https:\/\/www.chor.pw.edu.pl\/index.php\/pl\/o-nas\/\" rel=\"nofollow\"><span class=\"sr-only\">Read more about O nas<\/span>[&#8230;]<\/a><\/p>\n","protected":false},"author":1,"featured_media":0,"parent":0,"menu_order":0,"comment_status":"closed","ping_status":"closed","template":"","meta":{"footnotes":""},"_links":{"self":[{"href":"https:\/\/www.chor.pw.edu.pl\/index.php\/wp-json\/wp\/v2\/pages\/30"}],"collection":[{"href":"https:\/\/www.chor.pw.edu.pl\/index.php\/wp-json\/wp\/v2\/pages"}],"about":[{"href":"https:\/\/www.chor.pw.edu.pl\/index.php\/wp-json\/wp\/v2\/types\/page"}],"author":[{"embeddable":true,"href":"https:\/\/www.chor.pw.edu.pl\/index.php\/wp-json\/wp\/v2\/users\/1"}],"replies":[{"embeddable":true,"href":"https:\/\/www.chor.pw.edu.pl\/index.php\/wp-json\/wp\/v2\/comments?post=30"}],"version-history":[{"count":10,"href":"https:\/\/www.chor.pw.edu.pl\/index.php\/wp-json\/wp\/v2\/pages\/30\/revisions"}],"predecessor-version":[{"id":1009,"href":"https:\/\/www.chor.pw.edu.pl\/index.php\/wp-json\/wp\/v2\/pages\/30\/revisions\/1009"}],"wp:attachment":[{"href":"https:\/\/www.chor.pw.edu.pl\/index.php\/wp-json\/wp\/v2\/media?parent=30"}],"curies":[{"name":"wp","href":"https:\/\/api.w.org\/{rel}","templated":true}]}}